3)*487 composite?
False
Let g(a) = 23*a**2 - 2*a. Let k be g(-2). Let u(v) = v**3 + 3*v**2 - 5*v + 3. Let d be u(2). Let l = d + k. Is l composite?
False
Suppose -4*l + 1148 = -412. Is (3 - (3 - -1)) + l a prime number?
True
Let v be (80/(-30))/((-4)/6). Suppose -2*b - 3*b - v*i - 131798 = 0, 0 = -2*b + 3*i - 52733. Is b/(-84) + (-2)/(-12) a prime number?
False
Let s(k) = 34 - 102 + 39 + 281*k. Is s(6) a prime number?
True
Suppose 0 = 5*l - 25, -5*y + 0 = -5*l + 95. Let t(k) = k**3 + 14*k**2 - 22*k - 15. Let q be t(y). Let r = -148 + q. Is r a composite number?
True
Is (5/(-10))/(7/(-2198)) composite?
False
Let c be -1 - -5 - (7 + 2). Is ((-29942)/55)/(2/c) a prime number?
True
Suppose 0 = -5*i + 7*i - 5042. Is i a prime number?
True
Let t(p) = p + 1. Let u be t(1). Suppose 5*l + u*f - 4258 - 171 = 0, 4*l - 3545 = -f. Is l prime?
True
Suppose 6*h - 7*h + 771 = 0. Is h*((-35)/15)/(-7) a prime number?
True
Suppose s + 2*g - 305 - 715 = 0, 0 = s - g - 1017. Suppose 5*b - 1000 = 5*u, u = -b - 4*b + s. Is b composite?
True
Let a be 2/2*-6*(-288)/54. Is 22520/a + (-6)/8 a composite number?
True
Suppose 240 - 712 = 4*g. Let z = g + 353. Is z composite?
True
Is -2*2 + 5/((-65)/(-1560403)) a prime number?
False
Let q = -43 - -47. Suppose -q*i + 1766 = 210. Is i a prime number?
True
Suppose -34*h = -23*h - 2189. Is h composite?
False
Let l be 12/18 + (-16)/(-3). Suppose l*f + 456 = 2610. Is f a prime number?
True
Suppose 0 = 21*u + 18*u - 198003. Is u composite?
False
Suppose 11*h - 13*h + 33238 = 0. Is h a prime number?
True
Let x(i) = -i**3 - 3*i**2 + 4*i + 1. Let t be x(-4). Let u = 39 - t. Is u composite?
True
Let h be (42/(-27))/7 + 9526/18. Suppose h = -3*p + 5440. Is p composite?
False
Let m = 46 + -41. Suppose 201 + 1264 = m*k. Is k a prime number?
True
Let m(z) be the second derivative of -z**6/60 + z**5/30 + z**4/12 + z**3/2 + 2*z**2 + 4*z. Let h(j) be the first derivative of m(j). Is h(-2) composite?
False
Let a = -586 - -1091. Let o = a - -504. Is o prime?
True
Let y be 0 + -2 + 3 + -2. Is (139*1/y)/(1/(-1)) a composite number?
False
Let l(s) = 108*s**2 - 54*s + 23. Is l(-15) a composite number?
True
Let k(m) = 83*m**3 - 2*m**2 + 24*m + 9. Is k(8) prime?
True
Let y = -499 - -1242. Let a = y + -412. Is a a prime number?
True
Suppose -5*o + w + 134253 = -3*w, 3*w = -6. Is o a composite number?
False
Let o be 1987/2 - 60/(-40). Let v = o + -340. Is v composite?
True
Let i be 3 - 0 - (-10 + 8). Suppose 155 = 6*u - i*u. Is (12/10)/3*u prime?
False
Suppose 5*l - 7 = -t, 4*t - 2*t - 5*l + 1 = 0. Let c(i) = 242*i**3 + 2*i**2 - 3*i + 5. Is c(t) a composite number?
True
Let m = -5279 - -7482. Is m prime?
True
Let w(c) = -4*c - 1. Let t(r) = r - 10. Let a be t(9). Let n be w(a). Suppose 0*x - n*x + 507 = 0. Is x a prime number?
False
Suppose -p = 4*d + 625, -d - 3103 = 5*p - 3*d. Let w be 74/(-3)*(-105)/(-2). Let f = p - w. Is f prime?
False
Let j(p) = -p**2 + 20*p + 5. Let g be j(9). Let y be (7 - g) + (-1)/1. Let x = 167 + y. Is x a prime number?
False
Suppose -9*f - 587 = -10*f. Is f a prime number?
True
Suppose 0 = 5*u - 4*k - 11, 10*u - 10 = 5*u + 5*k. Let b be (1384/32)/(2/8). Suppose u*a - b - 82 = 0. Is a a composite number?
True
Let u(r) = 1547*r + 5. Is u(6) a prime number?
False
Let n be ((-2)/(-4))/((-1)/638). Let h(l) = l - 128. Let x be h(0). Let c = x - n. Is c a composite number?
False
Suppose -4*x - u + 84025 = 0, -3*x - 21198 = u - 84218. Is x prime?
False
Suppose -4*q + 3*s + 8638 = -2753, 4*q + 5*s - 11383 = 0. Suppose 0 = 5*y - q - 2038. Is y a composite number?
False
Let q(y) = 14*y**2 - 3*y - 14. Let m be q(7). Is (1 + m)*18/36 a prime number?
False
Let i(z) be the first derivative of -z**4/4 + 11*z**3/3 + 6*z**2 - 3*z - 1. Let w be i(12). Is -6*w/9 - -539 a prime number?
True
Is -49 - -55 - (1 + (-19008)/2) composite?
True
Let o = 16 - 13. Suppose 0 = -0*l - l - 4*f + 2389, o*f = -6. Suppose -y - l = -4*y. Is y composite?
True
Suppose 16*b - 41579 = -13403. Is b prime?
False
Let y(u) = -u**3 - 3*u**2 + 2. Let b be y(-3). Let k = -1 - -3. Suppose 4*z - 8 = 0, -z = k*p + b*z - 76. Is p prime?
False
Let q(n) = -13*n**2 - 11*n - 9. Let o be q(-11). Let z = -799 - o. Is z composite?
True
Let d = -786 + 1727. Is d a prime number?
True
Suppose 15*f + 2*w = 13*f + 19352, 38710 = 4*f - 2*w. Is f composite?
False
Is 2/((-285782)/71449 - -4) a prime number?
False
Let l(u) = -73*u**3 - 4*u**2 - 4*u - 2. Suppose 3*z = 4*z + 2. Let c be l(z). Suppose 4*t + 2*g = -2*g + 1156, c = 2*t + 3*g. Is t prime?
True
Suppose 0 = 2*y + 4*a - 6, -5*a + 9 = -y + 4*y. Let u be (-2)/(-6) - 7/y. Is (u - -6) + -5 + 178 composite?
True
Let h be 9/7 + (-26)/91. Is 507 - (h - (-1)/1) composite?
True
Let b(k) = -4*k**3 - 53*k**2 + 15*k - 25. Is b(-19) composite?
False
Suppose -s + 5*s = 0. Suppose -3*f + o + 808 = s, -o - o + 796 = 3*f. Suppose 0*n - f = -n + b, 4*b - 783 = -3*n. Is n a prime number?
False
Let q be ((-26)/(-4))/((-5)/(-110)). Suppose 35 = 6*b + q. Is (6/b)/((-1)/669) composite?
False
Let u(q) = -26*q**2 - 5*q + 1. Let n(g) = -25*g**2 - 6*g + 1. Let x(w) = 3*n(w) - 4*u(w). Let o be 3 - 1 - (2 + -2). Is x(o) a prime number?
False
Let n = 0 - -3. Suppose -3*l + 1476 = -2*x + x, -n*l = 5*x - 1458. Is l composite?
False
Let k(g) = 1. Let x(f) = f**3 - 20*f**2 + 19*f + 2. Let h(o) = 4*k(o) - x(o). Let s be h(19). Suppose 3*a = -s*a + 595. Is a prime?
False
Suppose g - s - 4688 = -614, 5*s + 8136 = 2*g. Is g composite?
True
Let k be (-399)/(-45) + (-8)/(-60). Is 18/2*k/27 prime?
True
Let j = 2 + 1. Let a(r) = r**2 - 5*r - 4. Let m be a(6). Is 0 + 132/j + m a prime number?
False
Let c = -37 - -67. Let t be 4/26 + c/(-26). Let g(k) = -19*k**3 + k**2 + 2*k + 1. Is g(t) a prime number?
True
Let o be (-6)/(-39) - 37/(-13). Let u(d) = 6*d**2 + o + 2*d**3 - 3*d**3 - 4 - 6*d + 4*d. Is u(5) composite?
True
Let k be (64 - (1 - 1))*-2. Let o(d) = -23*d + 148. Let g be o(9). Let a = g - k. Is a prime?
False
Let i = -4931 + 2296. Let w = i - -3972. Is w a prime number?
False
Suppose 3*k - 6305 = -5*q, -4*k + k + 6301 = 4*q. Suppose 2*j - k = j. Is j prime?
False
Let n = -3 + 3. Let h = -152 + 156. Suppose i = -o - 1, n = -h*i + o + 2 + 14. Is i composite?
False
Suppose 5*o + 0*o - m - 2600 = 0, 5*o + 4*m - 2625 = 0. Is o composite?
False
Let f be (5/((-20)/(-16)))/(-2). Is ((-3106)/1)/((-3)/((-3)/f)) a prime number?
True
Suppose -c + 85 + 102 = -3*h, -3*c = 4*h - 548. Is c/1 + -4 + 5 composite?
True
Let x(i) be the first derivative of -3*i**2 + 19*i + 2. Let h(f) = 13*f. Let o be h(-1). Is x(o) prime?
True
Suppose -5065 - 18556 = -13*s. Is s a prime number?
False
Let p = 20421 - 508. Is p a prime number?
True
Let q be -2 - 0 - (-98)/7. Let w(y) = -9*y - 6. Let f be w(-7). Let u = q + f. Is u a prime number?
False
Let d(z) = -49*z - 2. Let q be d(-1). Suppose 2*f + q = 4*s - 527, -4*s + 5*f + 583 = 0. Is s a prime number?
False
Suppose 5*b + 855 = 5*d, d = -b + 5*b + 171. Suppose -3*y + d = 3*j + y, -5*y = 0. Is j composite?
True
Suppose -25*r = 5*r - 1595670. Is r a composite number?
False
Let m be (-3 - -1)*(-32)/(-8). Let d(i) be the second derivative of i**5/20 + 2*i**4/3 - i**3/6 - i**2/2 - i. Is d(m) a composite number?
False
Let d = 2211 - -1332. Is d composite?
True
Suppose -s - s = -162. Suppose -s = -v + 4. Let k = -2 + v. Is k prime?
True
Is 6/9*(-24861)/(-2) a prime number?
True
Let a(b) = -2*b**2 + 287. Is a(0) a composite number?
True
Let r = -3207 - -8068. Is r prime?
True
Let f(x) be the third derivative of 65*x**4/24 + x**3 + x**2. Let w = -4 + 7. Is f(w) composite?
True
Let n(a) = -1020*a - 164. Let g(r) = 204*r + 33. Let k(w) = 11*g(w) + 2*n(w). Is k(6) composite?
False
Let t(m) = m**2 - 13*m + 18. Let x be t(11). Is x*(-4 - (-185)/(-20)) a prime number?
True
Let b = -449 + 222. Let h = -311 + b. Let z = h + 836. Is z a prime number?
False
Let l be 3/(-12)*-1 + 71256/32. Let u = l - 1178. Is u composite?
False
Let g(c) = 262*c**2 - 12*c + 53. Is g(6) prime?
True
Suppose g + 2900 = 4*t - 3*g, -t + 725 = -2*g. Suppose 0 = -5*a + l - 4*l + 725, 2*l - t = -5*a. Is a prime?
False
Let p(r) = -18*r**2 - 2*r + 18. Let f(y) = 2*y**2 + y + 1. Let s(j) = -6*f(j) - p(j). Is s(-7) composite?
True
Suppose 0 = -2*t + t - 2*d, -4*t = 2*d - 12. Is (4/(-3))/t*-4